oes 149 divide 2533?
True
Does 100 divide 2400?
True
Is 2424 a multiple of 72?
False
Is 51766 a multiple of 402?
False
Is 19 a factor of 22268?
True
Is 4 a factor of 3592?
True
Does 353 divide 51538?
True
Is 11 a factor of 6695?
False
Does 48 divide 508?
False
Does 19 divide 76?
True
Does 10 divide 108?
False
Is 15 a factor of 90?
True
Is 33246 a multiple of 78?
False
Is 12 a factor of 138?
False
Does 4 divide 912?
True
Is 480 a multiple of 14?
False
Does 12 divide 11944?
False
Does 76 divide 2584?
True
Is 42 a factor of 3319?
False
Does 42 divide 740?
False
Is 50 a factor of 1450?
True
Is 2340 a multiple of 26?
True
Is 8 a factor of 128?
True
Does 192 divide 56188?
False
Is 19748 a multiple of 4?
True
Is 1179 a multiple of 52?
False
Does 32 divide 1760?
True
Does 13 divide 1482?
True
Does 34 divide 330?
False
Is 236 a multiple of 84?
False
Does 9 divide 13779?
True
Is 127 a multiple of 6?
False
Does 33 divide 9405?
True
Does 18 divide 3305?
False
Is 405 a multiple of 15?
True
Is 859 a multiple of 43?
False
Is 9 a factor of 29997?
True
Is 54 a factor of 984?
False
Is 1548 a multiple of 12?
True
Does 23 divide 3427?
True
Is 1086 a multiple of 10?
False
Does 99 divide 891?
True
Does 7 divide 1219?
False
Is 20826 a multiple of 18?
True
Does 14 divide 27769?
False
Is 2 a factor of 816?
True
Does 14 divide 7910?
True
Is 39884 a multiple of 169?
True
Does 33 divide 1408?
False
Is 2170 a multiple of 56?
False
Does 269 divide 83551?
False
Is 34 a factor of 77418?
True
Is 19 a factor of 381?
False
Is 5 a factor of 1300?
True
Is 4 a factor of 796?
True
Is 3900 a multiple of 10?
True
Does 7 divide 247?
False
Is 34419 a multiple of 9?
False
Is 10 a factor of 1000?
True
Does 9 divide 405?
True
Does 2 divide 1346?
True
Does 12 divide 226?
False
Is 9990 a multiple of 30?
True
Is 11 a factor of 18058?
False
Does 2 divide 173?
False
Does 44 divide 31382?
False
Is 43 a factor of 1204?
True
Does 36 divide 936?
True
Is 132 a factor of 2481?
False
Is 10431 a multiple of 19?
True
Does 56 divide 2632?
True
Is 24 a multiple of 8?
True
Is 666 a multiple of 100?
False
Does 48 divide 1680?
True
Does 13 divide 2223?
True
Is 6817 a multiple of 28?
False
Is 8 a factor of 408?
True
Is 2008 even?
True
Is 1728 a multiple of 9?
True
Is 2296 a multiple of 11?
False
Is 272 a multiple of 8?
True
Is 20 a factor of 360?
True
Is 5796 a multiple of 10?
False
Is 202 a multiple of 80?
False
Is 102 a factor of 2244?
True
Does 5 divide 2436?
False
Does 43 divide 57?
False
Is 17 a factor of 34?
True
Does 28 divide 1400?
True
Is 48946 a multiple of 14?
False
Is 14526 a multiple of 269?
True
Does 12 divide 5333?
False
Is 143 a factor of 11888?
False
Is 5538 a multiple of 107?
False
Is 4 a factor of 1512?
True
Is 756 a multiple of 21?
True
Does 4 divide 195?
False
Is 1431 a multiple of 9?
True
Is 48021 a multiple of 224?
False
Is 25156 a multiple of 38?
True
Does 34 divide 9990?
False
Is 5430 a multiple of 31?
False
Does 13 divide 306?
False
Is 2160 a multiple of 80?
True
Is 6342 a multiple of 14?
True
Is 608 a multiple of 80?
False
Is 49723 a multiple of 19?
True
Is 398 a multiple of 27?
False
Does 37 divide 69676?
False
Is 638 even?
True
Is 28 a multiple of 14?
True
Is 2320 a multiple of 29?
True
Is 994 a multiple of 22?
False
Is 15774 a multiple of 33?
True
Does 45 divide 225?
True
Is 13 a factor of 25624?
False
Does 20 divide 1480?
True
Does 268 divide 111756?
True
Does 32 divide 1360?
False
Does 38 divide 3610?
True
Is 10 a factor of 2149?
False
Does 4 divide 152?
True
Is 91 a factor of 10111?
False
Is 8 a factor of 960?
True
Is 7788 a multiple of 33?
True
Is 200 a factor of 39800?
True
Is 252 a multiple of 37?
False
Does 12 divide 126612?
True
Does 9 divide 4545?
True
Is 13 a factor of 4407?
True
Is 25 a factor of 4575?
True
Does 40 divide 5320?
True
Is 1809 even?
False
Is 3 a factor of 587?
False
Does 33 divide 8415?
True
Is 42 a factor of 798?
True
Is 5 a factor of 2691?
False
Is 444 a multiple of 16?
False
Is 19 a factor of 6346?
True
Is 4694 a multiple of 148?
False
Is 2 a factor of 187?
False
Is 4296 a multiple of 14?
False
Is 50304 a multiple of 32?
True
Is 29 a factor of 1580?
False
Does 21 divide 3980?
False
Is 4232 a multiple of 23?
True
Is 11 a factor of 110?
True
Is 1990 a multiple of 19?
False
Does 31 divide 1175?
False
Is 187 a factor of 12453?
False
Does 112 divide 1344?
True
Does 20 divide 1420?
True
Is 580 a multiple of 10?
True
Does 16 divide 773?
False
Is 861 a multiple of 9?
False
Does 102 divide 612?
True
Does 6 divide 1224?
True
Is 119 a factor of 4473?
False
Is 3993 a multiple of 34?
False
Does 8 divide 494?
False
Is 245 a multiple of 5?
True
Is 52 a factor of 6292?
True
Does 8 divide 2127?
False
Is 1237 a multiple of 24?
False
Is 1063 a multiple of 12?
False
Is 144 a multiple of 6?
True
Is 7 a factor of 813?
False
Does 19 divide 1083?
True
Is 10 a factor of 63615?
False
Does 26 divide 44414?
False
Is 420 a multiple of 4?
True
Does 4 divide 20460?
True
Is 432 a multiple of 48?
True
Is 27 a factor of 28350?
True
Is 74430 a multiple of 90?
True
Does 9 divide 6741?
True
Is 44 a factor of 15897?
False
Does 12 divide 40524?
True
Is 422 a multiple of 32?
False
Does 97 divide 6895?
False
Is 316 a multiple of 20?
False
Does 36 divide 106164?
True
Is 10 a factor of 3875?
False
Does 12 divide 305?
False
Is 4435 a multiple of 14?
False
Is 329 a multiple of 29?
False
Is 30 a factor of 90?
True
Is 1338 a multiple of 8?
False
Is 33384 a multiple of 214?
True
Is 16335 a multiple of 9?
True
Is 990 a multiple of 9?
True
Is 7912 a multiple of 20?
False
Is 37480 a multiple of 59?
False
Is 1363 a multiple of 4?
False
Does 92 divide 1455?
False
Is 32292 a multiple of 27?
True
Is 21 a factor of 819?
True
Does 6 divide 7146?
True
Does 11 divide 3597?
True
Is 119 a factor of 1309?
True
Is 119 a factor of 38318?
True
Does 14 divide 2681?
False
Does 5 divide 1464?
False
Is 14650 a multiple of 10?
True
Does 26 divide 323?
False
Does 78 divide 546?
True
Is 3 a factor of 5250?
True
Is 5934 a multiple of 23?
True
Is 1539 a multiple of 9?
True
Is 47 a factor of 9212?
True
Is 5668 a multiple of 13?
True
Is 7 a factor of 462?
True
Is 133 a factor of 46273?
False
Is 35 a factor of 420?
True
Does 78 divide 2675?
False
Does 160 divide 7013?
False
Is 7252 a multiple of 16?
False
Is 20 a factor of 4780?
True
Does 5 divide 15?
True
Does 66 divide 528?
True
Does 73 divide 91542?
True
Is 9408 a multiple of 3?
True
Is 136 a factor of 3808?
True
Is 832 a multiple of 4?
True
Does 66 divide 3102?
True
Does 9 divide 10341?
True
Is 10 a factor of 10580?
True
Is 27 a factor of 1539?
True
Is 19 a factor of 12841?
False
Does 10 divide 15696?
False
Does 79 divide 293?
False
Is 6 a factor of 105?
False
Is 139 even?
False
Is 32 a factor of 2880?
True
Does 12 divide 2653?
False
Is 1085 a multiple of 31?
True
Is 624 a multiple of 8?
True
Does 28 divide 1036?
True
Does 39 divide 5070?
True
Does 14 divide 7563?
False
Is 29 a factor of 16253?
False
Is 4 a factor of 643?
False
Does 162 divide 15814?
False
Is 21 a factor of 3150?
True
Does 51 divide 1020?
True
Does 149 divide 29502?
True
Is 11 a factor of 3553?
True
Is 600 a multiple of 12?
True
Does 8 divide 387?
False
Is 656 a multiple of 2?
True
Is 13 a factor of 7631?
True
Is 24475 a multiple of 25?
True
Does 14 divide 1445?
False
Is 265 a factor of 96104?
False
Is 223 a multiple of 5?
False
Is 14756 a multiple of 26?
False
Is 24 a factor of 3887?
False
Is 143 a factor of 14816?
False
Is 22 a factor of 2046?
True
Is 13788 a multiple of 36?
True
Is 1125 a multiple of 8?
False
Is 37419 a multiple of 63?
False
Is 29046 a multiple of 13?
False
Is 119 a factor of 50732?
False
Does 209 divide 56639?
True
Is 8 a factor of 352?
True
Does 16 divide 5555?
False
Is 1782 a multiple of 66?
True
Is 1353 a multiple of 11?
True
Does 4 divide 140?
True
Does 56 divide 1288?
True
Is 23 a factor of 3266?
True
Is 18429 a multiple of 147?
False
Does 13 divide 64175?
False
Is 2662 a multiple of 22?
True
Is 552 a multiple of 23?
True
Is 11550 a multiple of 2?
True
Is 1428 a multiple of 17?
True
Is 2088 a multiple of 14?
False
Does 62 divide 1517?
False
Does 34 divide 69897?
False
Is 4 a factor of 11?
False
Does 52 divide 611?
False
Does 7 divide 1574?
False
Is 1148 a multiple of 22?
Fals